nds digit of 815558?
8
What is the hundreds digit of 3545205?
2
What is the hundreds digit of 7745923?
9
What is the hundreds digit of 77503?
5
What is the units digit of 2585046?
6
What is the millions digit of 1958286?
1
What is the tens digit of 4919541?
4
What is the hundreds digit of 630035?
0
What is the hundred thousands digit of 3176899?
1
What is the hundred thousands digit of 5379011?
3
What is the units digit of 6589936?
6
What is the hundreds digit of 4000143?
1
What is the units digit of 221084?
4
What is the thousands digit of 5312123?
2
What is the thousands digit of 352094?
2
What is the hundred thousands digit of 681831?
6
What is the hundreds digit of 539?
5
What is the hundreds digit of 2405169?
1
What is the hundred thousands digit of 900496?
9
What is the units digit of 478323?
3
What is the hundreds digit of 88746?
7
What is the hundreds digit of 5908474?
4
What is the hundred thousands digit of 3568571?
5
What is the tens digit of 305032?
3
What is the ten thousands digit of 2058304?
5
What is the tens digit of 3413640?
4
What is the ten thousands digit of 15609?
1
What is the hundred thousands digit of 1020870?
0
What is the hundreds digit of 260356?
3
What is the ten millions digit of 12225079?
1
What is the thousands digit of 98471?
8
What is the units digit of 1188354?
4
What is the millions digit of 1835290?
1
What is the hundred thousands digit of 519447?
5
What is the thousands digit of 54160?
4
What is the units digit of 4373589?
9
What is the thousands digit of 192112?
2
What is the units digit of 1366252?
2
What is the hundreds digit of 246653?
6
What is the thousands digit of 218369?
8
What is the ten thousands digit of 241577?
4
What is the units digit of 15180743?
3
What is the hundreds digit of 169373?
3
What is the millions digit of 6198158?
6
What is the hundreds digit of 492789?
7
What is the hundred thousands digit of 594200?
5
What is the thousands digit of 302152?
2
What is the thousands digit of 1034912?
4
What is the hundreds digit of 1401271?
2
What is the ten thousands digit of 7937929?
3
What is the thousands digit of 467577?
7
What is the hundreds digit of 4189423?
4
What is the tens digit of 89380?
8
What is the hundreds digit of 15449026?
0
What is the ten thousands digit of 3136180?
3
What is the hundreds digit of 48669?
6
What is the hundreds digit of 393968?
9
What is the hundred thousands digit of 288340?
2
What is the ten thousands digit of 414114?
1
What is the units digit of 3743871?
1
What is the hundreds digit of 503600?
6
What is the tens digit of 5958682?
8
What is the hundreds digit of 4354416?
4
What is the hundred thousands digit of 3273701?
2
What is the units digit of 229896?
6
What is the ten thousands digit of 4432410?
3
What is the thousands digit of 3391021?
1
What is the units digit of 379993?
3
What is the hundred thousands digit of 206216?
2
What is the ten thousands digit of 602243?
0
What is the tens digit of 200710?
1
What is the millions digit of 5897059?
5
What is the hundred thousands digit of 3240883?
2
What is the units digit of 39991?
1
What is the units digit of 165785?
5
What is the ten thousands digit of 1200491?
0
What is the tens digit of 1241204?
0
What is the thousands digit of 5561543?
1
What is the units digit of 81416?
6
What is the tens digit of 308672?
7
What is the ten millions digit of 12754629?
1
What is the hundreds digit of 1837189?
1
What is the units digit of 1541644?
4
What is the ten thousands digit of 7060374?
6
What is the hundreds digit of 13446?
4
What is the thousands digit of 837985?
7
What is the hundred thousands digit of 153799?
1
What is the hundred thousands digit of 16029240?
0
What is the hundred thousands digit of 2038673?
0
What is the ten thousands digit of 2533290?
3
What is the hundred thousands digit of 2580293?
5
What is the millions digit of 3259964?
3
What is the hundreds digit of 124112?
1
What is the thousands digit of 2402884?
2
What is the hundred thousands digit of 279018?
2
What is the millions digit of 1242922?
1
What is the tens digit of 355224?
2
What is the thousands digit of 176283?
6
What is the hundreds digit of 763512?
5
What is the tens digit of 4701456?
5
What is the units digit of 566361?
1
What is the units digit of 13208569?
9
What is the tens digit of 7746027?
2
What is the ten thousands digit of 156741?
5
What is the millions digit of 2096624?
2
What is the units digit of 949023?
3
What is the hundreds digit of 9089822?
8
What is the thousands digit of 468572?
8
What is the thousands digit of 20891?
0
What is the hundred thousands digit of 295593?
2
What is the millions digit of 1007288?
1
What is the hundreds digit of 84247?
2
What is the thousands digit of 615351?
5
What is the thousands digit of 6219851?
9
What is the ten thousands digit of 2160667?
6
What is the ten thousands digit of 2287196?
8
What is the ten thousands digit of 13224218?
2
What is the thousands digit of 6007270?
7
What is the ten thousands digit of 38697171?
9
What is the hundred thousands digit of 4055597?
0
What is the thousands digit of 36936?
6
What is the tens digit of 3884506?
0
What is the hundred thousands digit of 8159666?
1
What is the ten millions digit of 14233111?
1
What is the hundreds digit of 15064899?
8
What is the units digit of 107195?
5
What is the ten thousands digit of 1020529?
2
What is the millions digit of 13918480?
3
What is the ten thousands digit of 23868023?
6
What is the ten thousands digit of 120890?
2
What is the hundred thousands digit of 229595?
2
What is the ten thousands digit of 3241493?
4
What is the units digit of 1492382?
2
What is the units digit of 4695591?
1
What is the hundred thousands digit of 1835834?
8
What is the thousands digit of 7942091?
2
What is the millions digit of 13736095?
3
What is the ten thousands digit of 8221525?
2
What is the hundreds digit of 170809?
8
What is the thousands digit of 2267725?
7
What is the units digit of 2342479?
9
What is the millions digit of 4353202?
4
What is the thousands digit of 2377910?
7
What is the ten thousands digit of 374490?
7
What is the units digit of 1132716?
6
What is the units digit of 258382?
2
What is the thousands digit of 345078?
5
What is the units digit of 36158977?
7
What is the thousands digit of 1227006?
7
What is the thousands digit of 211606?
1
What is the units digit of 4296684?
4
What is the tens digit of 389032?
3
What is the millions digit of 1145433?
1
What is the hundreds digit of 831049?
0
What is the tens digit of 3363277?
7
What is the thousands digit of 806525?
6
What is the hundreds digit of 4519308?
3
What is the ten thousands digit of 4518862?
1
What is the units digit of 4940?
0
What is the ten millions digit of 17864119?
1
What is the units digit of 5477496?
6
What is the hundreds digit of 12373531?
5
What is the ten thousands digit of 5267947?
6
What is the thousands digit of 1630233?
0
What is the hundreds digit of 3676309?
3
What is the tens digit of 22938?
3
What is the thousands digit of 482929?
2
What is the units digit of 1356239?
9
What is the millions digit of 10561415?
0
What is the hundred thousands digit of 614256?
6
What is the ten millions digit of 13499283?
1
What is the units digit of 9936795?
5
What is the hundreds digit of 205169?
1
What is the hundreds digit of 2034727?
7
What is the units digit of 96763?
3
What is the millions digit of 6659372?
6
What is the hundreds digit of 1191298?
2
What is the millions digit of 3763179?
3
What is the tens digit of 546317?
1
What is the ten thousands digit of 83168?
8
What is the thousands digit of 20489785?
9
What is the hundreds digit of 1201405?
4
What is the ten thousands digit of 13883557?
8
What is the ten thousands digit of 3845019?
4
What is the thousands digit of 3881788?
1
What is the units digit of 753367?
7
What is the tens digit of 3606565?
6
What is the hundred thousands digit of 1652503?
6
What is the ten thousands digit of 583997?
8
What is the units digit of 4256999?
9
What is the millions digit of 6098053?
6
What is the hundred thousands digit of 6719095?
7
What is the tens digit of 9642352?
5
What is the tens digit of 645882?
8
What is the hundreds digit of 10913?
9
What is the millions digit of 14135138?
4
What is the ten